(c).
-10
Let w = -108 - -110. Let t(v) = 9*v + 5. Let h(l) = -5*l - 3. Let y(p) = -7*h(p) - 4*t(p). Determine y(w).
-1
Let s(c) = c - 9. Let t(p) = -2*p + 3. Let m be t(-3). Let h be (-6)/m + 28/6. Let j be s(h). Let k(y) = -y**2 - 7*y - 6. Determine k(j).
4
Suppose b + 183 = 189. Let r(p) = -p**3 + 4*p**2 + 8*p - 3. Calculate r(b).
-27
Let t(q) = 2*q + 2. Let f be t(-1). Suppose 10*n - 13*n - 15 = f. Let z(h) = -h**3 - 4*h**2 + 4*h - 5. Give z(n).
0
Suppose -5 + 4 = -t. Let f(m) = 2*m - t + m - 2*m. Suppose 0 = 3*g - 4*p + 4, -4*p = -p + 6. Give f(g).
-5
Let s(y) = y**2 + 4*y + 3. Let a be 3 + (-3 - 4 - -3). Let v be 5/a + (6 - 6). Determine s(v).
8
Let t(l) be the second derivative of l**4/24 + l**2/2 - 3*l. Let d(q) be the first derivative of t(q). Determine d(3).
3
Let j(x) = x**2 - 7*x. Let f be 24/(-56) + ((-38)/(-7) - 0). Determine j(f).
-10
Let b be (3 - 6)/3 + 1. Suppose -2*a + 3*a - 5 = b. Let c(k) = k - 12. Calculate c(a).
-7
Let b(d) = -d - 5. Suppose -u + 3*u = h + 4, -20 = -4*u + 5*h. Let q be u - (1 - 0)*4. What is b(q)?
-1
Let g(j) = 4*j - 1. Suppose -q + 1 + 4 = 0. Suppose -a - 11 - 7 = -4*o, -q*a - o = -15. Give g(a).
7
Let c(m) = m**2 - 2*m - 5. Let h = 9 - 5. Let n be c(h). Let k(b) = b - 2. Calculate k(n).
1
Let b(s) = 2*s**2 - 4*s - 3. Let l(z) = 2*z**2 - 4*z - 3. Let g(n) = -4*b(n) + 5*l(n). Determine g(4).
13
Suppose -2*i - 9 = 5*d, 0*i + 10 = -4*i - 2*d. Let r(b) = -4*b**2 + b - 1. Give r(i).
-19
Let o(u) = -u - 8. Let j(r) = -r - 8. Let l(f) = 3*j(f) - 4*o(f). Let g be l(-6). Let a(n) = 0*n**3 + 6*n**3 + g*n**2 - n + 0*n**3. Determine a(1).
7
Let j(z) = z**2 + 6*z + 7. Let v(u) = -2*u**3 - 4*u**2 - 3*u - 2. Let m be v(-2). Suppose 0 = 5*s - m + 29. Determine j(s).
2
Let f(i) be the first derivative of i**3/3 - 2*i**2 - 2*i - 31. What is f(5)?
3
Suppose z + 3 = -4*f, 2*f = 3*z + 6*f - 7. Let u(s) = -s + 0 - s - z + 1. Calculate u(-3).
2
Let u(x) be the second derivative of x**4/12 + 2*x**3/3 + 3*x**2/2 - 4*x. Give u(-3).
0
Let s(j) = 10*j + 4. Let u be s(4). Suppose 10 = 3*l - 2*q, u = 4*l - 0*l + 5*q. Let m(c) = c + l + 2 - c**2 - 4 + 3*c. Give m(6).
-8
Suppose 5 = -j - 4*j. Let z(h) = -6*h - 1. Give z(j).
5
Let o(s) = -21*s**2 + s. Let g(f) = f**3 - f**2 + 1. Let l be g(-1). Give o(l).
-22
Suppose 0*q - 3*q + 18 = 0. Let x be (-1 + (q - 1))/2. Suppose 2*t - x*w - 2 = 0, -2*t + 13 = -7*t - w. Let k(m) = -m**2 - 3*m - 1. What is k(t)?
1
Suppose -3*w - 1 = -4*o, -4*w = -4*o - 0*o. Let t(z) = -3*z + 4 - o + 4*z. Determine t(4).
7
Let o = 1 - -1. Suppose 3*l + u = 1, -2 = -4*u + o. Let a(y) = y**2 - y + 4. What is a(l)?
4
Let y(p) = p + 6. Let u(m) = m + 6. Let a(i) = -6*u(i) + 7*y(i). Determine a(-7).
-1
Let u(o) = 2*o**3 - o. Let a(p) be the third derivative of -4*p**5/15 - p**4/24 - p**2. Let i be a(-1). Let c be 6/15 + 21/i. What is u(c)?
-1
Let h(x) = 2*x - 3. Let v = 9 + -7. Let s be h(v). Let c(d) = -d**2 + d - 1. What is c(s)?
-1
Let m(c) = -2*c**2 - c + 1. Suppose -5*g - 5*n = 0, 2*g - n - 12 = -3*g. What is m(g)?
-9
Let y(z) = z + 5. Let p be ((-12)/9)/(8/6 + -1). Determine y(p).
1
Suppose -4*r = -2*r - 8. Let q(b) = -5*b - b + 65 + r*b - 63. Determine q(-3).
8
Let x(o) = o - 2. Let b = 8 + -6. Suppose 0 = -6*s + b*s + 16. Let v be s/18*-6*3. Determine x(v).
-6
Let m(p) = -p**2 - 6*p - 3. Let j be m(-4). Let a(z) be the first derivative of -z**4/4 + 5*z**3/3 - 3*z**2/2 + 5*z + 15. Determine a(j).
-10
Suppose -3*m + 18 = -0*m. Let l = m - 3. Let b(o) be the third derivative of -o**5/60 + o**4/24 + 2*o**3/3 - o**2. What is b(l)?
-2
Let z(t) = t**3 + 5*t**2 + t + 6. Suppose 5*u + 3 = -4*f - 4, -2*f = 2*u + 2. Let v be 2 - 3 - (f + 2). Give z(v).
1
Let u = -3 - -6. Suppose -u = -4*n + 1. Let j(c) = -n - 2*c - 1 + 3. Give j(1).
-1
Let x(w) = w - 11. Let v be x(10). Let t(k) = -3*k - 105 + 105 - 7*k**2 + 2*k. What is t(v)?
-6
Let g be 1 + 10*(-1)/(-2). Let w(i) = 7*i**3 - 5*i**2 - 12*i - 1. Let q(j) = -13*j**3 + 10*j**2 + 23*j + 3. Let s(o) = -6*q(o) - 11*w(o). Determine s(g).
-7
Let j = -8 + 12. Suppose -n + 4*y = 24, n - 15 - 1 = -j*y. Let l(p) be the third derivative of p**4/24 + p**3/6 - p**2. Give l(n).
-3
Let j(x) = 3*x**2 - 2 + 2*x**2 + 1. Give j(2).
19
Let m(y) be the first derivative of y**2/2 - y + 1. Give m(4).
3
Suppose -8*k + 16 = -4*k. Let v be ((-4)/(-3))/(1/3). Let j(i) = -3*i**2 + 2*i + v*i - i**3 - 4 + 6*i**2. Calculate j(k).
4
Suppose -2*h = -4*h + 4. Let o(s) = s**2 - 3*s + 3. What is o(h)?
1
Let p(f) be the first derivative of 5*f**4/24 - f**3/3 + 2*f**2 - 2. Let j(h) be the second derivative of p(h). Determine j(2).
8
Let j(l) = -l**3 - 5*l**2 - 2*l - 2. Let b = -22 - -17. Determine j(b).
8
Let d(f) = -f**3 + 13*f**2 + 2. Let b be d(13). Let z(x) = -2*x**3 + 2*x**2 - 1. Let o(h) = 5*h**3 - 5*h**2 + 2. Let t(s) = -6*o(s) - 14*z(s). Give t(b).
-6
Suppose 5*m - 14 - 11 = 0. Suppose m = 4*v + 1. Let j(i) be the third derivative of i**5/10 - i**3/6 + 34*i**2 + 5. What is j(v)?
5
Let y(q) be the second derivative of q**4/12 + q**3/2 - q**2 + 5*q. What is y(-3)?
-2
Let v(z) = 2*z + 3. Let f(r) = -r**3 - 3*r**2 + 4*r - 2. Let m be f(-4). Calculate v(m).
-1
Let g(a) = -a**2 + 5*a. Let b be 6/(-27) + (-29)/(-9). Let u(j) = -j**2 + 4*j + 1. Let t be u(b). Calculate g(t).
4
Let y(a) be the second derivative of a**4/12 + a**3 + 5*a**2/2 - 25*a. Determine y(-4).
-3
Let z be 2*(-2 - (-3)/(-6)). Let w(u) = u**3 + u**2. Let r(k) = -2*k**3 + k**2 - 5*k - 3. Let a(l) = -r(l) - 3*w(l). Determine a(z).
3
Let g(f) = 9*f**2 - 4*f**2 - 8*f**2 + 2 + f. What is g(2)?
-8
Let q(v) = -7*v - 12. Let j(l) = 13*l + 23. Let h(p) = -6*j(p) - 11*q(p). Let m(n) = -n**3 + 3*n**2 + 3*n + 1. Let t be m(4). Determine h(t).
-3
Let j(i) = -2*i**3 - 4*i**2 - 4*i - 2. Let w(f) = f**3 - 2*f**2 - f + 4. Let h be w(2). Suppose -h*c - 6 = c. Determine j(c).
6
Suppose -m + 2*m = 1. Let c be m/(8/6 - 1). Let o(n) be the first derivative of -n**4/4 + n**3/3 + 2*n**2 + 1. Give o(c).
-6
Let p(g) = g**3 + g**2 + 3*g + 2. Let t be p(-1). Let x(b) = 10*b**3 + 1. Give x(t).
-9
Let r = 45 + -55. Let m(l) = -l**3 - 10*l**2 - 10. What is m(r)?
-10
Let i(w) = 2*w + 3. Let o(j) = j + 1. Let u(l) = -2*i(l) + 5*o(l). Let a be u(5). Let y(r) = -r - 1. Let f(p) = 2*p - 1. Let z(m) = f(m) + y(m). Determine z(a).
2
Let d(u) = -7*u - 3 - 7*u**2 + 52*u**3 - 53*u**3 + 1. Calculate d(-5).
-17
Let m(o) = -o**2 - 5*o - 1. Let y(v) = v**2 - 9*v + 8. Let j be 14*(3/2)/3. Let h be y(j). Calculate m(h).
-7
Let z be -2 + 0 + -1 + -17. Let v be (z/(-6))/(4/6). Let t(h) = h + 3*h - h - v - 4*h. Determine t(-5).
0
Let d(a) = 3*a**3 + 7*a**2 - 7*a + 28. Let k(q) = -2*q**3 - 4*q**2 + 4*q - 14. Let n(r) = -3*d(r) - 5*k(r). What is n(0)?
-14
Let p(m) be the second derivative of -1/2*m**2 - 3/2*m**3 + 0 - 3*m. Calculate p(1).
-10
Let z be 70/6 - (-2)/(-3). Suppose -3 + z = -2*s. Let c(m) = -2*m - 5. Let t(v) = -2*v - 6. Let i(b) = 3*c(b) - 2*t(b). Give i(s).
5
Let c(u) = -u**3 + 6*u**2 + u - 7. Let y(d) = -2*d + 3. Let x be y(0). Let p = x + 3. Determine c(p).
-1
Let n = -1 - -4. Let q(j) be the second derivative of 2*j - 8 - j**n + 8. Calculate q(1).
-6
Let m(d) be the first derivative of -d**3/3 + 2*d + 1. Suppose f - 2*n - 8 = 0, 20 = -3*f + 2*n - 7*n. Determine m(f).
2
Let i(s) = -5*s**3 - 2*s**2 - 2*s - 7. Let f(u) = -3*u**3 - u**2 - u - 4. Let l(m) = -7*f(m) + 4*i(m). Let r be (-4)/(-6) - (-15)/(-9). Calculate l(r).
-1
Let o(g) = -g**2 - 3*g + 2. Let q(h) be the first derivative of h**4/4 + h**3/3 - h**2 - 4*h + 4. Let d be q(-2). Give o(d).
-2
Let d(t) = 11*t**2 + 23*t + 9. Let b(z) = 5*z**2 + 11*z + 4. Let q(j) = 13*b(j) - 6*d(j). Let y = 0 + 6. Give q(y).
-8
Let a(d) = d**3 - 3*d**2 - 3*d + 3. Let i(h) = h**2 + 3*h - 7. Let j be i(-5). Give a(j).
-6
Let y be (21/(-2))/(-7)*2. Let c(o) = -2*o - 3*o - 5*o**y + 3*o**2 + 2 + 6*o**3 + o**2. Determine c(-5).
2
Let o(h) = -h**2 + h. Let k(q) = -q**3 + 4*q**2 - 3*q + 4. Let d(v) = k(v) + o(v). Suppose -13 = -5*f + 2. Calculate d(f).
-2
Suppose 5*b = -28 + 3. Let u(g) be the first derivative of g**3/3 + 2*g**2 - g + 1. Determine u(b).
4
Let z(n) = -2*n + 6. Let m be z(4). Let t(r) be the second derivative of -r**4/6 - r**3/3 + r**2/2 - 9*r. Determine t(m).
-3
Let v(x) = -7*x**2 - 11*x + 14. Let h(p) = 15*p**2 + 23*p - 29. Let 